nder when 554 is divided by 10.
4
What is the remainder when 524 is divided by 86?
8
Calculate the remainder when 2909 is divided by 969.
2
What is the remainder when 3140 is divided by 150?
140
What is the remainder when 569 is divided by 115?
109
Calculate the remainder when 4955 is divided by 37.
34
Calculate the remainder when 72 is divided by 56.
16
What is the remainder when 28 is divided by 11?
6
Calculate the remainder when 2835 is divided by 86.
83
Calculate the remainder when 45 is divided by 17.
11
What is the remainder when 25453 is divided by 22?
21
What is the remainder when 652 is divided by 159?
16
Calculate the remainder when 38 is divided by 15.
8
What is the remainder when 62 is divided by 24?
14
What is the remainder when 47 is divided by 18?
11
What is the remainder when 6382 is divided by 133?
131
What is the remainder when 222 is divided by 58?
48
What is the remainder when 54 is divided by 37?
17
What is the remainder when 834 is divided by 27?
24
Calculate the remainder when 175 is divided by 12.
7
Calculate the remainder when 1547 is divided by 77.
7
What is the remainder when 208 is divided by 7?
5
What is the remainder when 5725 is divided by 49?
41
Calculate the remainder when 556 is divided by 77.
17
Calculate the remainder when 25 is divided by 14.
11
What is the remainder when 117 is divided by 10?
7
Calculate the remainder when 52 is divided by 34.
18
Calculate the remainder when 373 is divided by 96.
85
Calculate the remainder when 48 is divided by 21.
6
What is the remainder when 26 is divided by 8?
2
What is the remainder when 233 is divided by 35?
23
Calculate the remainder when 1376 is divided by 231.
221
Calculate the remainder when 109 is divided by 8.
5
What is the remainder when 414 is divided by 126?
36
What is the remainder when 152 is divided by 27?
17
Calculate the remainder when 1292 is divided by 36.
32
Calculate the remainder when 1502 is divided by 47.
45
Calculate the remainder when 178 is divided by 20.
18
What is the remainder when 733 is divided by 57?
49
What is the remainder when 84 is divided by 34?
16
What is the remainder when 4500 is divided by 17?
12
What is the remainder when 868 is divided by 432?
4
What is the remainder when 136 is divided by 21?
10
What is the remainder when 110 is divided by 56?
54
Calculate the remainder when 167 is divided by 5.
2
Calculate the remainder when 250 is divided by 39.
16
Calculate the remainder when 66 is divided by 15.
6
Calculate the remainder when 1504 is divided by 298.
14
What is the remainder when 872 is divided by 9?
8
What is the remainder when 770 is divided by 238?
56
Calculate the remainder when 493 is divided by 45.
43
What is the remainder when 746 is divided by 82?
8
What is the remainder when 241 is divided by 54?
25
What is the remainder when 57 is divided by 10?
7
What is the remainder when 2735 is divided by 83?
79
What is the remainder when 338 is divided by 49?
44
Calculate the remainder when 5545 is divided by 59.
58
What is the remainder when 3996 is divided by 25?
21
What is the remainder when 1288 is divided by 129?
127
What is the remainder when 439 is divided by 108?
7
What is the remainder when 13839 is divided by 80?
79
Calculate the remainder when 863 is divided by 108.
107
Calculate the remainder when 46 is divided by 7.
4
What is the remainder when 1457 is divided by 86?
81
Calculate the remainder when 547 is divided by 72.
43
Calculate the remainder when 261 is divided by 39.
27
Calculate the remainder when 358 is divided by 30.
28
Calculate the remainder when 2502 is divided by 228.
222
Calculate the remainder when 34 is divided by 13.
8
What is the remainder when 83 is divided by 78?
5
What is the remainder when 280 is divided by 23?
4
What is the remainder when 278 is divided by 60?
38
Calculate the remainder when 365 is divided by 9.
5
Calculate the remainder when 108 is divided by 15.
3
What is the remainder when 497 is divided by 126?
119
What is the remainder when 433 is divided by 15?
13
What is the remainder when 2635 is divided by 20?
15
What is the remainder when 779 is divided by 30?
29
What is the remainder when 1007 is divided by 16?
15
Calculate the remainder when 2955 is divided by 228.
219
What is the remainder when 204 is divided by 5?
4
What is the remainder when 113 is divided by 5?
3
What is the remainder when 536 is divided by 75?
11
Calculate the remainder when 5951 is divided by 48.
47
Calculate the remainder when 648 is divided by 110.
98
Calculate the remainder when 426 is divided by 61.
60
What is the remainder when 120 is divided by 23?
5
What is the remainder when 17470 is divided by 16?
14
Calculate the remainder when 126 is divided by 62.
2
What is the remainder when 453 is divided by 21?
12
What is the remainder when 218 is divided by 68?
14
Calculate the remainder when 2248 is divided by 50.
48
What is the remainder when 284 is divided by 136?
12
What is the remainder when 93 is divided by 16?
13
What is the remainder when 4917 is divided by 37?
33
What is the remainder when 246 is divided by 8?
6
What is the remainder when 285 is divided by 135?
15
Calculate the remainder when 1271 is divided by 91.
88
Calculate the remainder when 86 is divided by 28.
2
Calculate the remainder when 494 is divided by 149.
47
Calculate the remainder when 55 is divided by 7.
6
What is the remainder when 866 is divided by 10?
6
What is the remainder when 911 is divided by 221?
27
What is the remainder when 7823 is divided by 25?
23
What is the remainder when 284 is divided by 6?
2
Calculate the remainder when 137 is divided by 36.
29
What is the remainder when 811 is divided by 341?
129
What is the remainder when 2089 is divided by 25?
14
Calculate the remainder when 271 is divided by 21.
19
Calculate the remainder when 3240 is divided by 59.
54
What is the remainder when 1793 is divided by 353?
28
Calculate the remainder when 3526 is divided by 24.
22
Calculate the remainder when 104 is divided by 20.
4
Calculate the remainder when 74 is divided by 3.
2
What is the remainder when 128 is divided by 110?
18
What is the remainder when 3003 is divided by 18?
15
What is the remainder when 9900 is divided by 13?
7
What is the remainder when 22620 is divided by 14?
10
What is the remainder when 7503 is divided by 139?
136
Calculate the remainder when 269 is divided by 35.
24
Calculate the remainder when 305 is divided by 11.
8
What is the remainder when 1053 is divided by 96?
93
What is the remainder when 1316 is divided by 189?
182
Calculate the remainder when 132 is divided by 45.
42
What is the remainder when 78 is divided by 41?
37
What is the remainder when 1407 is divided by 703?
1
What is the remainder when 1365 is divided by 420?
105
Calculate the remainder when 427 is divided by 62.
55
Calculate the remainder when 176 is divided by 20.
16
Calculate the remainder when 314 is divided by 71.
30
Calculate the remainder when 67 is divided by 11.
1
Calculate the remainder when 112 is divided by 23.
20
Calculate the remainder when 187 is divided by 47.
46
Calculate the remainder when 515 is divided by 89.
70
What is the remainder when 560 is divided by 12?
8
What is the remainder when 316 is divided by 15?
1
Calculate the remainder when 4150 is divided by 7.
6
What is the remainder when 47 is divided by 19?
9
Calculate the remainder when 143 is divided by 15.
8
Calculate the remainder when 511 is divided by 189.
133
What is the remainder when 959 is divided by 9?
5
What is the remainder when 1284 is divided by 34?
26
Calculate the remainder when 58 is divided by 17.
7
Calculate the remainder when 1534 is divided by 48.
46
What is the remainder when 468 is divided by 36?
0
What is the remainder when 98 is divided by 56?
42
Calculate the remainder when 60 is divided by 32.
28
What is the remainder when 1102 is divided by 46?
44
What is the remainder when 1153 is divided by 35?
33
Calculate the remainder when 10728 is divided by 145.
143
What is the remainder when 2416 is divided by 39?
37
Calculate the remainder when 602 is divided by 169.
95
Calculate the remainder when 5021 is divided by 15.
11
What is the remainder when 321 is divided by 49?
27
What is the remainder when 282 is divided by 71?
69
Calcu